m + 706, 0 = -5*x + 4 + 6. What is the tens digit of m?
7
What is the hundreds digit of (-398286)/(-56) - 6 - 2/8?
1
Let s(o) = 308*o**2 - o. Let m be s(-1). What is the units digit of (-13 + 7)/((-3)/(-2)) + m?
5
Suppose -3*k + 855 - 108 = 0. Let j = k - 101. Let n = j - 99. What is the tens digit of n?
4
Suppose 1056 = 5*k - 1374. Suppose k = -7*c + c. Let a = c + 182. What is the units digit of a?
1
Let a(q) = q**2 - 16*q + 60. Let o be a(11). Suppose o*n - 331 = -111. What is the tens digit of n?
4
Let y(t) = -1234 - 2*t**2 - 1233 + 2*t**3 + 9*t + 2479. What is the units digit of y(6)?
6
Suppose 5*u + 31629 = q, 3*q - 1183*u - 94913 = -1181*u. What is the ten thousands digit of q?
3
Let g(f) = 7*f**2 - f. Let n be g(1). Let i(b) = b**2 - b + 10. Let s(d) = -d**2 + 6*d + 39. Let a(h) = 5*i(h) - s(h). What is the tens digit of a(n)?
6
Suppose -99 = -6*j - 33. Let y(s) = -s**2 + 10*s - 12. Let n be y(j). Let c = 34 + n. What is the tens digit of c?
1
Suppose -n + 20448 = 3*n + 2*y, 0 = -4*y. What is the tens digit of n?
1
What is the units digit of -208*((-705)/30 + 15)?
8
Let y be (4/(-8))/(2/(-100)). Suppose 5*m + y = 0, a - 212 = -0*a + m. What is the hundreds digit of a?
2
Let d = 2318 + -1354. Suppose 5*z = 4*i - 3781, -2*i + 3*i + 5*z - d = 0. What is the units digit of i?
9
Let v = -114 - -116. Suppose i = -v, 0 = -3*d + i + 822 + 329. What is the units digit of d?
3
What is the thousands digit of (1/(-3))/((-65)/(-325))*-3423?
5
Suppose 12*u - 11*u + 453 = 0. Let p = 532 + u. What is the tens digit of p?
7
Suppose 837*j = 820*j + 240873. What is the hundreds digit of j?
1
Let g(p) = -3 + p**2 + 2 + 0*p**3 - p - p**3 - 5. Let b be g(0). What is the units digit of (-4)/b + (-61)/(-3)?
1
Suppose -7*z - 5483 = -1332. Let j = 1379 + z. What is the tens digit of j?
8
Let x(k) = k**2 - 6*k + 4. Let v be x(6). Suppose -2*q + 2 = -v. Suppose -244 = -3*a - 2*r, -86 - 322 = -5*a - q*r. What is the units digit of a?
4
Let h be (-98 - 5)/((-2)/88). Suppose 9*v + 2*v - h = 0. What is the tens digit of v?
1
Let n(f) = -4*f + 30. Let j be n(9). What is the units digit of 27/(-18)*(-3 + 614/j)?
8
Let v(u) = -2*u**3 - 4*u**2 - 9*u + 10. Let l = -130 + 124. Let w(m) = m**3 + 5*m**2 + 10*m - 11. Let z(i) = l*w(i) - 7*v(i). What is the tens digit of z(2)?
5
Let a(z) = -3*z**2 - z. Let o be a(-1). What is the units digit of ((-15)/12)/(o/568)?
5
Let t(v) = 308*v**2 - 284*v - 1746. What is the units digit of t(-6)?
6
What is the ten thousands digit of (336/(-196))/((-74206)/(-148428) - 18/36)?
3
Suppose -5 = -3*g - 8, 0 = -4*j + 5*g + 53. Let b = 446 + j. Let o = b + -316. What is the hundreds digit of o?
1
Suppose -178437 + 721843 = 52*r - 599970. What is the hundreds digit of r?
9
Let f(x) = 36*x**3 + 32*x**2 + 2*x + 11. Let b(h) = -18*h**3 - 17*h**2 - h - 6. Let u(l) = 11*b(l) + 6*f(l). What is the tens digit of u(3)?
3
Let p(c) = 35*c + 161. Let j be p(17). Let q = j + -43. What is the tens digit of q?
1
Let t(o) = -8 - 31 - 102*o - 19*o + 4. What is the hundreds digit of t(-6)?
6
Let d(m) = 30*m - 52 - 9 + 11. What is the hundreds digit of d(6)?
1
Suppose 0 = 5*c + 7*c - 420. What is the tens digit of 3 - 2664/(-28) - 5/c?
9
Let o(k) = k**3 - 2*k**2 - k + 1. Let n(t) = 2*t**3 + 11*t**2 - 2*t - 11. Let c(r) = -n(r) - 4*o(r). What is the hundreds digit of c(-6)?
1
Suppose -3*m - 44 = -u - u, 0 = 2*m - u + 31. Let c(a) = 3*a**2 + 30*a - 10. What is the units digit of c(m)?
2
Let i(y) = 94 + 30*y + 13*y - 104. What is the units digit of i(13)?
9
Let d be (22 - -3) + 20*2/8. What is the units digit of 12/9*d - (-2 + 7)?
5
Suppose -30*u - 12 = -36*u. What is the units digit of (23/3*22)/(u/6)?
6
What is the thousands digit of ((121/(-3))/1)/(7/(-210))?
1
Suppose 31 = -4*v + 31. What is the tens digit of (-1 + v - 2720/(-8))/1?
3
Let m(s) = 0*s - 4*s**2 - 40 + 42 - 3*s - 3*s - 7*s**3. What is the units digit of m(-3)?
3
Let v = -22 - -25. Suppose -2*p = a + 11, -v*a - a = -4*p - 16. Let s(w) = -w**3 + 6*w + 6. What is the hundreds digit of s(p)?
1
Suppose 3*h = -w + 2196, h + 1344 - 7956 = -3*w. What is the units digit of w?
5
Suppose 19 = -j - 5*n, -4*j = 5*n + 40 - 9. What is the tens digit of (-1 + -3)/j - (-88)/1?
8
Let y(r) = 12*r**2 - 68*r - 1337. What is the hundreds digit of y(-17)?
2
Let j(a) = 3*a**3 + 6*a**2 - 4*a + 2. Let w(h) = -20*h + 62. Let y be w(3). What is the tens digit of j(y)?
4
What is the thousands digit of ((-1932)/92)/(-3 - 78084/(-26032))?
5
Suppose 106*h - 107*h + 2221 = 0. Suppose -h + 181 = -24*z. What is the tens digit of z?
8
Let t(n) = 461*n**3 - n**2 - 28*n + 55. What is the tens digit of t(2)?
8
Let i be 117/351 + (-1)/3*-26. Suppose 4555 = i*r - 4*r. What is the tens digit of r?
1
Suppose -30*c = -23*c + 9604. Let r = -783 - c. What is the hundreds digit of r?
5
Suppose g = -3*w - 2 + 4, 0 = -w - 1. Suppose -4*p - 2*l + 314 = 0, -5*l = -3*p - g + 260. Suppose -3*f = -p - 337. What is the tens digit of f?
3
What is the units digit of ((-1620)/63)/((-18)/21840)?
0
Let p(c) = 399*c**2 + 6*c - 7. Let y be p(1). Let w = y + 173. What is the hundreds digit of w?
5
Suppose 0 = 5*g + 3*w + 93, 3 = 3*w - 6*w. What is the units digit of (g/2)/(((-25)/(-115))/(-5))?
7
Suppose -1129*d = -1258*d + 2759568. What is the thousands digit of d?
1
Let j(u) = -u**3 - 21*u**2 - 55*u + 35. Suppose -6*y - 71 = 43. What is the units digit of j(y)?
8
What is the tens digit of 2*588 - (-23 - -23 - -1)?
7
Let p(v) be the second derivative of v**4/12 - v**3/3 + 2*v**2 + 21*v. Let a be p(0). Suppose a*l = 16, 0*y = 3*y - l - 5. What is the units digit of y?
3
Let h = 35906 - 1587. What is the units digit of h?
9
Let w(p) = 59 + 647*p + 32*p + 115*p. What is the tens digit of w(1)?
5
Let z(n) = -7*n**3 + 19*n**2 + 20*n - 31. Let f(a) = 3*a**3 - 10*a**2 - 9*a + 15. Let c(b) = -5*f(b) - 2*z(b). What is the units digit of c(9)?
5
Suppose 4*u + 792 = -4*f, 1105 - 65 = -5*f + 5*u. Let n(b) = b**3 + 8*b**2 - 5*b - 11. Let l be n(-11). Let a = f - l. What is the tens digit of a?
1
Let n = 35102 - 4702. What is the units digit of n?
0
What is the units digit of (-9)/(-27)*-11*13*-198?
8
Suppose 3*r + 5*u = 8502, 0 = 3*u + 9. What is the thousands digit of r?
2
Suppose -76*f = -i - 74*f + 4687, 3*i - 3*f = 14055. What is the thousands digit of i?
4
Suppose -7*c + 5 = 5. Suppose 9*w = -0 - c. Suppose 5*n + w*u + 3*u - 428 = 0, -u - 356 = -4*n. What is the tens digit of n?
8
Suppose -659*z - 45565 = -664*z. What is the units digit of z?
3
Let o = 2244 + -691. Suppose o + 742 = 9*r. What is the tens digit of r?
5
Let f(z) = -2*z**3 + 16*z**2 - 15*z + 9. Let n be f(7). Suppose -4*t - 4 + 24 = 0, -n*r = -5*t - 3635. What is the thousands digit of r?
1
Let m be 7*(180/7)/(-3). Suppose -3*f = 3*o - 450, -5*o - 321 = 2*f - 4*f. Let l = f + m. What is the units digit of l?
3
Suppose -5*m + 273 = -47. Suppose -3*w = s - 768 + 38, 496 = 2*w + 3*s. Let t = w - m. What is the units digit of t?
8
Suppose -3*f - 5*f + 24 = 0. Suppose 3*k = -f*h + 315 + 75, -h - 530 = -4*k. What is the hundreds digit of k?
1
Suppose 44187 = -14130*v + 14143*v. What is the thousands digit of v?
3
Suppose 34*j + 2*l = 29*j + 5815, j + 3*l = 1176. What is the units digit of j?
1
Let y(h) = -51*h**2 - 30*h - 55. Let n be y(-2). Let k = n + 1005. What is the hundreds digit of k?
8
Let v be ((-2)/(-5) - 28/20) + 3. Suppose b + 3*k = 160, -v*b - 4*k + 345 = 17. What is the units digit of b?
2
Let g(z) = -z**2 - 13*z + 13. Let n be g(-14). Let u be (-21)/(-4) - n/(-4). Suppose -11 - 273 = -u*c - b, 0 = b - 4. What is the tens digit of c?
5
Let a be -7 - (-583)/(-3)*3. Let f = 790 - a. What is the tens digit of f?
8
Let p = 19 + -42. Let d = 11 + p. Let o = 8 - d. What is the units digit of o?
0
Suppose -2*n = -5*r + 8210, 4*n - 8707 = -5*r - 527. What is the hundreds digit of r?
6
Let n be 4 - (0 - 0)/(-2). Let z(p) be the first derivative of 13*p**3/3 - 4*p**2 + 20*p + 353. What is the hundreds digit of z(n)?
1
Let o = 23101 + -12135. What is the ten thousands digit of o?
1
Let g = 25 + -27. Let i(j) = -7*j - 9. Let m be i(g). Suppose -4*h = -3*h - m. What is the units digit of h?
5
Let b = 3226 + -3074. What is the tens digit of b?
5
Let a = -132 - -187. Suppose -a*g = -48*g - 63. Suppose -g*c =